) = -24*j + 1. What is the remainder when g(-2) is divided by 17?
15
Let t(g) = -g**2 + 19*g - 48. What is the remainder when 80 is divided by t(14)?
14
Let h(l) = 3*l + 3. Let r be h(3). What is the remainder when ((-1)/3)/((-1)/r) is divided by 2?
0
Let s be (-12)/10 + (-1)/(-5). Let p be (-10)/(-45) - (-58)/(-18). Let y = s - p. What is the remainder when y is divided by 1?
0
Let g(p) = -p**3 + 5*p**2 - p + 6. What is the remainder when 4 is divided by g(5)?
0
Suppose d = 3*b + 14 - 3, -2*d = 2*b - 6. Suppose d = -0*t + t. Calculate the remainder when 11 is divided by t.
1
Suppose -84 = -i + 4*i. Let r = i - -45. Calculate the remainder when 65 is divided by r.
14
Suppose -6*k + 68 = 2. Calculate the remainder when k is divided by 6.
5
Let k = -29 + 30. Calculate the remainder when 2 is divided by k.
0
Let w be -3*((-8)/(-2) + -3). Calculate the remainder when 15 is divided by (8/(-3))/(2/w).
3
Let h = 6 + 6. Let z = -1 - -5. What is the remainder when h is divided by z?
0
Suppose o - 5 = -2*p, 25 = 5*o - 4*p + 2*p. Let l(z) = 8*z - 6. Suppose -u - u + 24 = 0. What is the remainder when l(o) is divided by u?
10
What is the remainder when 43 is divided by 28/(-49) - (-67)/7?
7
Let l = 63 - 31. Let q(m) = 14*m - 1. Let n be q(-1). Calculate the remainder when l is divided by (-6)/n + (-166)/(-10).
15
Suppose l = 2*m + 3*m - 138, 3*m = -4*l + 69. Let q = m - 15. Let h(s) = -17*s. Calculate the remainder when h(-2) is divided by q.
10
Let n = 42 + 14. Calculate the remainder when n is divided by 30.
26
Suppose -3*c - 273 = -16*c. What is the remainder when c is divided by 12?
9
Let y = -246 + 248. Suppose -v + 9 = v - z, 0 = v + 4*z + 9. Calculate the remainder when v is divided by y.
1
Let l = -30 - -50. What is the remainder when l is divided by 4/(-6) - (-175)/15?
9
Let j(b) = b**2 - b. Suppose -3*o = 0, -4*h - 4*o = -32 + 288. Let s = 99 + h. Calculate the remainder when s is divided by j(4).
11
Let x = 9 - 5. Suppose -v = -x*z + 2*v - 5, -4*v + 12 = 0. What is the remainder when (0 + z)/(1/11) is divided by 6?
5
Let b(n) = 2*n. Let r be b(4). Let u = r - -12. Calculate the remainder when u is divided by 7.
6
What is the remainder when (-4 - -2)/1 + 25 is divided by 15 - 30/25*(-5)/(-2)?
11
Let c = 17 + -8. What is the remainder when 43 is divided by c?
7
Let h(s) = -2*s - 22. Suppose -l + 2*l = 5. What is the remainder when l is divided by h(-12)?
1
Suppose 4*k + 0*k + 824 = 2*d, -k = 4*d - 1639. Suppose -3*a + 219 = -b + 4*b, 0 = -5*b + 4*a + d. What is the remainder when b is divided by 20?
18
Let r(z) = 6*z - 23. Calculate the remainder when r(21) is divided by 15.
13
Suppose 9 = -4*o + 609. What is the remainder when o is divided by 38?
36
Let u(y) = 45*y**2 - 22*y - 2. Suppose -15 = -l + 3*z, 0*l - 4*z = 2*l. What is the remainder when u(1) is divided by l?
3
Let h be 1*(0 + -11) - -2. Calculate the remainder when (-2)/9 - 101/h is divided by 6.
5
Let y = 3 + 5. Calculate the remainder when (-2)/2*(-15 + 2) is divided by y.
5
Suppose y - 5*n + 13 = 0, -4*y + 23 = 3*n + 6. Suppose 0*t = y*u - 5*t + 9, 0 = -5*t + 25. What is the remainder when 22 is divided by u?
6
Let h be 1/2 + (-6)/4. Let p = -1 + h. Calculate the remainder when 21 is divided by (-296)/(-24) + p/6.
9
Let k(f) = 5*f**3 - 2*f**2 - f - 2. Suppose -154 + 34 = -4*a. Suppose a = g + 2*g. Calculate the remainder when k(2) is divided by g.
8
Let q(j) = j**3 + 4*j**2 - 3*j - 5. What is the remainder when 6/(-4)*(-260)/15 is divided by q(-4)?
5
Let v(p) = -p**2 - 7*p - 3. Let g be (-7 - -4)*8/6. Calculate the remainder when 1/2*(57 + -5) is divided by v(g).
8
Suppose -r - 18 = -25. Calculate the remainder when r is divided by 2.
1
Suppose 5*u + 0*u - 4*m - 45 = 0, -5*m = 3*u + 10. What is the remainder when 13 is divided by u?
3
Let b = 52 + -41. Calculate the remainder when 39 is divided by b.
6
Suppose 4*r = 104 + 56. Let z = r + -15. Calculate the remainder when z is divided by 9.
7
Suppose -5*f + 2*f + c = -34, -3*c + 28 = 4*f. Let n(d) = 4*d - d + 4*d + 0 - 3. Calculate the remainder when n(3) is divided by f.
8
Let r(s) = -s**2 + 7*s + 3. Let k(u) = 8*u**3 - u**2 + u - 1. Let y be k(1). Calculate the remainder when r(y) is divided by 2.
1
Let k = 17 + -11. Calculate the remainder when ((-60)/(-8))/((-6)/(-8)) is divided by k.
4
Suppose 4*b + 5*f = -26, -5*b = 3*f + 6 + 20. Suppose 0 = -4*v + 118 - 502. Calculate the remainder when 18 is divided by b/6 + v/(-9).
8
Let a(z) = 9*z**2 + 2*z - 2. Suppose 4*u - 25 = 7. Calculate the remainder when a(-2) is divided by u.
6
Let n be 8/3 - 4/6. Suppose -n*f + f + 14 = 0. What is the remainder when f is divided by 5?
4
Suppose -30 = v + 2*v. Let c = 19 + v. Let g = 40 + -24. Calculate the remainder when g is divided by c.
7
Let d(w) = -13*w - 51. What is the remainder when d(-8) is divided by 18?
17
Let w = 0 + 18. Calculate the remainder when 33 is divided by w.
15
Suppose -3*b + 3*a = -42, 2*b - 6*b + 3*a = -53. What is the remainder when 18 is divided by b?
7
Let q be (2*-1)/(-2) + -5. Let j be 10/(-6) - q/(-12). Calculate the remainder when (14/8)/(j/(-40)) is divided by 18.
17
Let a(u) = 3*u - 15. Let q(o) = -6*o + 31. Let w(k) = -5*a(k) - 2*q(k). What is the remainder when w(-10) is divided by 15?
13
Suppose 0*m - 4*m + 104 = 0. Suppose i = -2, -2*p + 4*i = -4*p - m. Let y(n) = -3*n + 9. Calculate the remainder when y(p) is divided by 19.
17
Let z = -18 - -55. What is the remainder when z is divided by -2*((-99)/21 - (-12)/(-42))?
7
Let p = 41 + -101. Let i = p + 89. What is the remainder when i is divided by 10?
9
Let w = 7 - 7. Let y = w - -18. What is the remainder when 34 is divided by y?
16
Let q(f) = f**3 - 4*f**2 + f. Let z be q(3). What is the remainder when (-1)/3 + (-170)/z is divided by (-1)/4 + (-244)/(-16)?
13
Suppose 3*y - 51 = 114. Let k = -22 - -41. What is the remainder when y is divided by k?
17
Suppose -3*r + 33 = -0*r. Let d(w) = 3*w + 20. What is the remainder when d(0) is divided by r?
9
Suppose -2*f - 4*w + 280 = 0, -3*f = -4*w - 0*w - 390. Suppose 17 = -3*g + f. What is the remainder when g is divided by 20?
19
Calculate the remainder when 93 is divided by 5/15 - (-3)/18*142.
21
Suppose -w + 5 = -0. Suppose 15 + 5 = -w*h. Let o(u) = -u**2 - 7*u. What is the remainder when o(h) is divided by 7?
5
Suppose 3*k = 129 - 27. Let u = 49 - k. What is the remainder when 56 is divided by u?
11
Let p = 8 + 0. Suppose -p*n = -3*n - 35. Calculate the remainder when 18 is divided by n.
4
Let r = 8 - -6. Let c = r - 3. What is the remainder when c is divided by 4?
3
Suppose -12*b + 16*b = 3*a + 448, -4*b + 4*a + 452 = 0. What is the remainder when b is divided by 16?
13
Let p = -5 - -2. Calculate the remainder when 16 - (p + 3 + -1) is divided by 9.
8
Let f(p) = 2*p**2 + 7*p**2 + p**2 - 2*p - 1. What is the remainder when f(-2) is divided by 15?
13
Suppose 0 = 5*q - 52 - 18. Let v = -6 + q. Suppose v = 7*s - 3*s. What is the remainder when 2 is divided by s?
0
Calculate the remainder when (219/2 - 4) + (-3)/(-6) is divided by 27.
25
Suppose -411 = -5*x + 19. Let u(v) = v**2 + 17*v - 9. Calculate the remainder when x is divided by u(-19).
28
Let k = 96 + -81. What is the remainder when 100 is divided by k?
10
Suppose 4*v - 3*p = 178, 2*p + 222 = 5*v - 2*p. Let f be (-4)/2 + (7 - -1). What is the remainder when v is divided by 100/f + 2/(-3)?
14
Let c be (-2)/1 - (-140)/7. Let d = 26 - c. Suppose -s = -5*y - 21, 4*s + 2*y - d - 10 = 0. What is the remainder when 11 is divided by s?
5
Suppose -5*f + 25 = -0*f. Let t(c) = 7 - c**3 + f - 3. What is the remainder when t(0) is divided by 5?
4
Let j = 75 + -59. What is the remainder when 23 is divided by j?
7
Let y(f) = f**3 - 8*f**2 - 19*f + 4. Calculate the remainder when 95 is divided by y(10).
11
Suppose 0 = -c - 0*c - 283. Let r = c - -458. Suppose -r = u - 6*u. Calculate the remainder when u is divided by 12.
11
Suppose -32 = -5*j + 13. Suppose 2*o + h - 57 = 0, 3*h = 13 + 2. Calculate the remainder when o is divided by j.
8
Suppose s + 3*y = 24, 2*s + 4*y - 18 = 28. Let k = -7 + s. Let v = 14 + -6. What is the remainder when k is divided by v?
6
Let j(u) = -u**2 + u. Let p be j(2). Let f be 2 - 8 - p*1. Calculate the remainder when 22 is divided by f/(-18) + 70/